{"id":89,"date":"2024-11-09T20:56:40","date_gmt":"2024-11-09T19:56:40","guid":{"rendered":"https:\/\/strzelba.org.pl\/?page_id=89"},"modified":"2024-11-16T19:49:15","modified_gmt":"2024-11-16T18:49:15","slug":"timer-po-co-mi-to","status":"publish","type":"page","link":"https:\/\/strzelba.org.pl\/index.php\/timer-po-co-mi-to\/","title":{"rendered":"Timer &#8211; po co mi to?"},"content":{"rendered":"\n<p>W sumie na pocz\u0105tku jest ci niepotrzebny, nawet mo\u017ce przeszkadza\u0107. Dlaczego? Bo na pocz\u0105tku nie \u015bcigaj si\u0119 z czasem, a osw\u00f3j si\u0119 tylko z jego d\u017awi\u0119kiem.<\/p>\n\n\n\n<p>Timer robi &#8222;piiiii&#8221; i oznacza to dla ciebie start. Timer na pocz\u0105tku twojej kariery strzelca dynamicznego mo\u017ce by\u0107 zast\u0105piony aplikacj\u0105 na telefon i nie musisz wydawa\u0107 500-1500 z\u0142 na to urz\u0105dzenie.<br><img loading=\"lazy\" decoding=\"async\" width=\"300\" height=\"398\" class=\"wp-image-140\" style=\"width: 300px;\" src=\"http:\/\/strzelba.org.pl\/wp-content\/uploads\/2024\/11\/timer.jpg\" alt=\"\" srcset=\"https:\/\/strzelba.org.pl\/wp-content\/uploads\/2024\/11\/timer.jpg 1536w, https:\/\/strzelba.org.pl\/wp-content\/uploads\/2024\/11\/timer-226x300.jpg 226w, https:\/\/strzelba.org.pl\/wp-content\/uploads\/2024\/11\/timer-771x1024.jpg 771w, https:\/\/strzelba.org.pl\/wp-content\/uploads\/2024\/11\/timer-768x1020.jpg 768w, https:\/\/strzelba.org.pl\/wp-content\/uploads\/2024\/11\/timer-1157x1536.jpg 1157w\" sizes=\"auto, (max-width: 300px) 100vw, 300px\" \/><\/p>\n\n\n\n<p>Co musisz przetrenowa\u0107? Najwa\u017cniejsze, \u017ce jak s\u0142yszysz &#8222;piiiii&#8221; to nie musisz czeka\u0107 na koniec tego d\u017awi\u0119ku, mo\u017cesz ju\u017c s\u0142ysz\u0105c &#8222;p&#8221; wykonywa\u0107 ruch. Najlepsi strzelcy na koniec &#8222;piiiii&#8221; maj\u0105 ju\u017c kolb\u0119 przy ramieniu i s\u0105 gotowi do strzelania. Dlatego zainstaluj aplikacj\u0119 na telefon, daj g\u0142o\u015bniej i w domu trenuj sk\u0142ad na &#8222;piiii&#8221;, a przy ostatnim &#8222;i&#8221; miej ju\u017c kolb\u0119 na ramieniu.<\/p>\n\n\n\n<p>Z czasem wrzuc\u0119 tutaj kilka link\u00f3w, ale na ten moment nie kupuj urz\u0105dzenia, a po prostu zainstaluj darmow\u0105 apk\u0119 i nie licz czasu &#8211; oswajaj si\u0119 z jego d\u017awi\u0119kiem \ud83d\ude09<\/p>\n\n\n\n<p>Ma\u0142e por\u00f3wnanie timer\u00f3w:<br><a href=\"https:\/\/www.youtube.com\/watch?v=bMcWtJTX1KE\">https:\/\/www.youtube.com\/watch?v=bMcWtJTX1KE<\/a><br><a href=\"https:\/\/www.youtube.com\/watch?v=qGxWrrOQm-Q\">https:\/\/www.youtube.com\/watch?v=qGxWrrOQm-Q<\/a><br>ale nadal sugeruj\u0119: na pocz\u0105tku ich nie kupuj \ud83d\ude09<\/p>\n","protected":false},"excerpt":{"rendered":"<p>W sumie na pocz\u0105tku jest ci niepotrzebny, nawet mo\u017ce przeszkadza\u0107. Dlaczego? Bo na pocz\u0105tku nie \u015bcigaj si\u0119 z czasem, a osw\u00f3j si\u0119 tylko z jego d\u017awi\u0119kiem. Timer robi &#8222;piiiii&#8221; i oznacza to dla ciebie start. Timer na pocz\u0105tku twojej kariery strzelca dynamicznego mo\u017ce by\u0107 zast\u0105piony aplikacj\u0105 na telefon i nie musisz wydawa\u0107 500-1500 z\u0142 na [&hellip;]<\/p>\n","protected":false},"author":2,"featured_media":0,"parent":0,"menu_order":0,"comment_status":"closed","ping_status":"closed","template":"","meta":{"footnotes":""},"class_list":["post-89","page","type-page","status-publish","hentry"],"_links":{"self":[{"href":"https:\/\/strzelba.org.pl\/index.php\/wp-json\/wp\/v2\/pages\/89","targetHints":{"allow":["GET"]}}],"collection":[{"href":"https:\/\/strzelba.org.pl\/index.php\/wp-json\/wp\/v2\/pages"}],"about":[{"href":"https:\/\/strzelba.org.pl\/index.php\/wp-json\/wp\/v2\/types\/page"}],"author":[{"embeddable":true,"href":"https:\/\/strzelba.org.pl\/index.php\/wp-json\/wp\/v2\/users\/2"}],"replies":[{"embeddable":true,"href":"https:\/\/strzelba.org.pl\/index.php\/wp-json\/wp\/v2\/comments?post=89"}],"version-history":[{"count":6,"href":"https:\/\/strzelba.org.pl\/index.php\/wp-json\/wp\/v2\/pages\/89\/revisions"}],"predecessor-version":[{"id":177,"href":"https:\/\/strzelba.org.pl\/index.php\/wp-json\/wp\/v2\/pages\/89\/revisions\/177"}],"wp:attachment":[{"href":"https:\/\/strzelba.org.pl\/index.php\/wp-json\/wp\/v2\/media?parent=89"}],"curies":[{"name":"wp","href":"https:\/\/api.w.org\/{rel}","templated":true}]}}