{"id":63,"date":"2024-11-08T13:15:32","date_gmt":"2024-11-08T12:15:32","guid":{"rendered":"https:\/\/strzelba.org.pl\/?page_id=63"},"modified":"2024-11-09T21:15:36","modified_gmt":"2024-11-09T20:15:36","slug":"co-dalej","status":"publish","type":"page","link":"https:\/\/strzelba.org.pl\/index.php\/co-dalej\/","title":{"rendered":"Co dalej?"},"content":{"rendered":"\n<p>Jak ju\u017c mamy podstawy to co dalej robi\u0107? Dalej trenowa\u0107!<\/p>\n\n\n\n<p>Poszukaj w swojej okolicy, czy kt\u00f3ry\u015b z bardziej do\u015bwiadczonych strzelc\u00f3w nie prowadzi trening\u00f3w szlifuj\u0105cych poszczeg\u00f3lne elementy dynamiki. Czasem mo\u017ce to by\u0107 najbli\u017csza strzelnica, a czasem trzeba jecha\u0107 na takie szkolenie kilkaset kilometr\u00f3w.<\/p>\n\n\n\n<p>Mo\u017cliwe, \u017ce uda si\u0119 tutaj poda\u0107 kilka nazwisk, profili albo stron od os\u00f3b lub organizacji robi\u0105cych takie treningi, ale nie chc\u0119 tego robi\u0107 bez pytania o zgod\u0119.<\/p>\n\n\n\n<p><\/p>\n","protected":false},"excerpt":{"rendered":"<p>Jak ju\u017c mamy podstawy to co dalej robi\u0107? Dalej trenowa\u0107! Poszukaj w swojej okolicy, czy kt\u00f3ry\u015b z bardziej do\u015bwiadczonych strzelc\u00f3w nie prowadzi trening\u00f3w szlifuj\u0105cych poszczeg\u00f3lne elementy dynamiki. Czasem mo\u017ce to by\u0107 najbli\u017csza strzelnica, a czasem trzeba jecha\u0107 na takie szkolenie kilkaset kilometr\u00f3w. Mo\u017cliwe, \u017ce uda si\u0119 tutaj poda\u0107 kilka nazwisk, profili albo stron od os\u00f3b [&hellip;]<\/p>\n","protected":false},"author":2,"featured_media":0,"parent":0,"menu_order":0,"comment_status":"closed","ping_status":"closed","template":"","meta":{"footnotes":""},"class_list":["post-63","page","type-page","status-publish","hentry"],"_links":{"self":[{"href":"https:\/\/strzelba.org.pl\/index.php\/wp-json\/wp\/v2\/pages\/63","targetHints":{"allow":["GET"]}}],"collection":[{"href":"https:\/\/strzelba.org.pl\/index.php\/wp-json\/wp\/v2\/pages"}],"about":[{"href":"https:\/\/strzelba.org.pl\/index.php\/wp-json\/wp\/v2\/types\/page"}],"author":[{"embeddable":true,"href":"https:\/\/strzelba.org.pl\/index.php\/wp-json\/wp\/v2\/users\/2"}],"replies":[{"embeddable":true,"href":"https:\/\/strzelba.org.pl\/index.php\/wp-json\/wp\/v2\/comments?post=63"}],"version-history":[{"count":4,"href":"https:\/\/strzelba.org.pl\/index.php\/wp-json\/wp\/v2\/pages\/63\/revisions"}],"predecessor-version":[{"id":102,"href":"https:\/\/strzelba.org.pl\/index.php\/wp-json\/wp\/v2\/pages\/63\/revisions\/102"}],"wp:attachment":[{"href":"https:\/\/strzelba.org.pl\/index.php\/wp-json\/wp\/v2\/media?parent=63"}],"curies":[{"name":"wp","href":"https:\/\/api.w.org\/{rel}","templated":true}]}}