{"id":2,"date":"2024-11-07T21:24:35","date_gmt":"2024-11-07T20:24:35","guid":{"rendered":"http:\/\/strzelba.org.pl\/?page_id=2"},"modified":"2024-11-09T21:32:09","modified_gmt":"2024-11-09T20:32:09","slug":"page-d-exemple","status":"publish","type":"page","link":"https:\/\/strzelba.org.pl\/index.php\/page-d-exemple\/","title":{"rendered":"Jak zacz\u0105\u0107 dynamik\u0119"},"content":{"rendered":"\n<p>Zacznij od przeczytania tego co jest na stronie i od p\u00f3j\u015bcia nawet na klubowe zawody. Mo\u017ce na nich b\u0119dzie ma\u0142y tor do zaliczenia strzelby, a mo\u017ce tylko strzelanie do tarczy. Je\u017celi trafisz na zawody z u\u0142o\u017conym torem z kilkoma-kilkunastoma celami metalowymi i twoje serce mocniej zabije&#8230; to znaczy, \u017ce dobrze trafi\u0142e\u015b.<\/p>\n\n\n\n<p>Jak masz wi\u0119cej czasu to wpadnij na zawody Level 1 &#8211; nawet jako widz &#8211; i zobacz jak to wygl\u0105da na kilku torach (takie zawody to zazwyczaj od 4 do 8 tor\u00f3w).<\/p>\n","protected":false},"excerpt":{"rendered":"<p>Zacznij od przeczytania tego co jest na stronie i od p\u00f3j\u015bcia nawet na klubowe zawody. Mo\u017ce na nich b\u0119dzie ma\u0142y tor do zaliczenia strzelby, a mo\u017ce tylko strzelanie do tarczy. Je\u017celi trafisz na zawody z u\u0142o\u017conym torem z kilkoma-kilkunastoma celami metalowymi i twoje serce mocniej zabije&#8230; to znaczy, \u017ce dobrze trafi\u0142e\u015b. Jak masz wi\u0119cej czasu [&hellip;]<\/p>\n","protected":false},"author":1,"featured_media":0,"parent":0,"menu_order":0,"comment_status":"closed","ping_status":"open","template":"","meta":{"footnotes":""},"class_list":["post-2","page","type-page","status-publish","hentry"],"_links":{"self":[{"href":"https:\/\/strzelba.org.pl\/index.php\/wp-json\/wp\/v2\/pages\/2","targetHints":{"allow":["GET"]}}],"collection":[{"href":"https:\/\/strzelba.org.pl\/index.php\/wp-json\/wp\/v2\/pages"}],"about":[{"href":"https:\/\/strzelba.org.pl\/index.php\/wp-json\/wp\/v2\/types\/page"}],"author":[{"embeddable":true,"href":"https:\/\/strzelba.org.pl\/index.php\/wp-json\/wp\/v2\/users\/1"}],"replies":[{"embeddable":true,"href":"https:\/\/strzelba.org.pl\/index.php\/wp-json\/wp\/v2\/comments?post=2"}],"version-history":[{"count":2,"href":"https:\/\/strzelba.org.pl\/index.php\/wp-json\/wp\/v2\/pages\/2\/revisions"}],"predecessor-version":[{"id":110,"href":"https:\/\/strzelba.org.pl\/index.php\/wp-json\/wp\/v2\/pages\/2\/revisions\/110"}],"wp:attachment":[{"href":"https:\/\/strzelba.org.pl\/index.php\/wp-json\/wp\/v2\/media?parent=2"}],"curies":[{"name":"wp","href":"https:\/\/api.w.org\/{rel}","templated":true}]}}