{"id":118,"date":"2024-11-09T21:57:51","date_gmt":"2024-11-09T20:57:51","guid":{"rendered":"https:\/\/strzelba.org.pl\/?page_id=118"},"modified":"2024-11-10T10:02:56","modified_gmt":"2024-11-10T09:02:56","slug":"magazynek-teleskopowy","status":"publish","type":"page","link":"https:\/\/strzelba.org.pl\/index.php\/magazynek-teleskopowy\/","title":{"rendered":"Magazynek teleskopowy"},"content":{"rendered":"\n<p>Na zawodach zauwa\u017cysz, \u017ce niekt\u00f3rzy strzelcy \u0142aduj\u0105, \u0142aduj\u0105 i magazynek si\u0119 wyd\u0142u\u017ca. Oznacza to, \u017ce maj\u0105 magazynek teleskopowy, kt\u00f3ry u\u0142atwia troch\u0119 \u017cycie, czy to na torze czy w szafie.<\/p>\n\n\n\n<p>W szafie po prostu ma d\u0142ugo\u015b\u0107 lufy i dzi\u0119ki temu nie musisz mie\u0107 wi\u0119kszej szafy lub demontowa\u0107 p\u00f3\u0142ki.<\/p>\n\n\n\n<p>Na torze, poniewa\u017c je\u015bli nie jest za\u0142adowany wi\u0119ksz\u0105 ilo\u015bci\u0105 amunicji, to nie przeszkadza w manewrowaniu na w\u0119\u017cszych torach.<\/p>\n\n\n\n<p>Gdzie znajdziesz taki magazynek?<br><a href=\"https:\/\/shotguncomponents.pl\/\">https:\/\/shotguncomponents.pl\/<\/a><br><a href=\"https:\/\/www.facebook.com\/profile.php?id=100069552081283\" data-type=\"link\" data-id=\"https:\/\/www.facebook.com\/profile.php?id=100069552081283\">Custom H8-Guns<\/a>&nbsp;czyli u Kosiny<\/p>\n\n\n\n<p>Je\u017celi znajd\u0119 kolejnych dostawc\u00f3w, to postaram si\u0119 uzupe\u0142ni\u0107 t\u0119 stron\u0119.<\/p>\n\n\n\n<p><\/p>\n","protected":false},"excerpt":{"rendered":"<p>Na zawodach zauwa\u017cysz, \u017ce niekt\u00f3rzy strzelcy \u0142aduj\u0105, \u0142aduj\u0105 i magazynek si\u0119 wyd\u0142u\u017ca. Oznacza to, \u017ce maj\u0105 magazynek teleskopowy, kt\u00f3ry u\u0142atwia troch\u0119 \u017cycie, czy to na torze czy w szafie. W szafie po prostu ma d\u0142ugo\u015b\u0107 lufy i dzi\u0119ki temu nie musisz mie\u0107 wi\u0119kszej szafy lub demontowa\u0107 p\u00f3\u0142ki. Na torze, poniewa\u017c je\u015bli nie jest za\u0142adowany wi\u0119ksz\u0105 [&hellip;]<\/p>\n","protected":false},"author":2,"featured_media":0,"parent":0,"menu_order":0,"comment_status":"closed","ping_status":"closed","template":"","meta":{"footnotes":""},"class_list":["post-118","page","type-page","status-publish","hentry"],"_links":{"self":[{"href":"https:\/\/strzelba.org.pl\/index.php\/wp-json\/wp\/v2\/pages\/118","targetHints":{"allow":["GET"]}}],"collection":[{"href":"https:\/\/strzelba.org.pl\/index.php\/wp-json\/wp\/v2\/pages"}],"about":[{"href":"https:\/\/strzelba.org.pl\/index.php\/wp-json\/wp\/v2\/types\/page"}],"author":[{"embeddable":true,"href":"https:\/\/strzelba.org.pl\/index.php\/wp-json\/wp\/v2\/users\/2"}],"replies":[{"embeddable":true,"href":"https:\/\/strzelba.org.pl\/index.php\/wp-json\/wp\/v2\/comments?post=118"}],"version-history":[{"count":3,"href":"https:\/\/strzelba.org.pl\/index.php\/wp-json\/wp\/v2\/pages\/118\/revisions"}],"predecessor-version":[{"id":135,"href":"https:\/\/strzelba.org.pl\/index.php\/wp-json\/wp\/v2\/pages\/118\/revisions\/135"}],"wp:attachment":[{"href":"https:\/\/strzelba.org.pl\/index.php\/wp-json\/wp\/v2\/media?parent=118"}],"curies":[{"name":"wp","href":"https:\/\/api.w.org\/{rel}","templated":true}]}}